 2*s - 228. Let f(u) = -6*g(u) - 13*y(u). List the prime factors of f(-14).
2, 17
Suppose 2*x - 5*x + 1251 = 4*b, -5*b - 3*x + 1566 = 0. Suppose -213 = 4*k + b. What are the prime factors of 8/(-12)*k + 1?
89
Let m(f) = 105*f**3 + 13*f**2 - 13*f + 29. List the prime factors of m(7).
2, 5, 3659
Let a = -1334 + 25405. List the prime factors of a.
24071
Suppose 11*w - 50 + 61 = 0. What are the prime factors of (-8)/(-28) - (w - (-54)/(-7))?
3
Let k = 48 - -321. Let j = k - 193. List the prime factors of (j/(-20))/((-2)/15).
2, 3, 11
Suppose -2*k - 39 = 39. Let p = 70 + k. Let j = p + 48. List the prime factors of j.
79
Let t(i) = -3*i**2 - 28*i - 25. Let f(p) = 3*p**2 + 29*p + 26. Let h(u) = -5*f(u) - 6*t(u). Let d = 236 - 247. What are the prime factors of h(d)?
2, 5, 13
List the prime factors of (-6 + 7)/(17/130832).
2, 13, 37
Let u(l) = l - 20. Let k be u(25). Suppose -73 = -v + 5*g + 263, 1702 = k*v - 3*g. List the prime factors of v.
11, 31
Let x(q) be the second derivative of -4*q**3 - 323*q**2/2 - 3*q. What are the prime factors of x(-44)?
733
Suppose 63 = -c + 5*l, c + 3 + 36 = -3*l. Let j = c + 56. What are the prime factors of 3 - (-985)/j - 3/24?
2, 3, 7
Suppose -1317822 - 364980 = -54*l. What are the prime factors of l?
11, 2833
Suppose 6*y = 5*y + 30. Suppose 7*s = 17*s - y. Suppose -4*v + 80 = 13*i - 11*i, 171 = 4*i - s*v. List the prime factors of i.
2, 3, 7
Let q be 8*(5/(-2) + 2). Suppose -4*t - 2420 = -2412. List the prime factors of q - t/1 - -78.
2, 19
Let s = -3969 - -9150. List the prime factors of s.
3, 11, 157
Suppose 4*k = 2*l + 2*k - 18, 3*l + 2*k = 2. Suppose -16 = -979*j + 975*j. Suppose -5*g = l*w - 713, g = 1 - j. What are the prime factors of w?
2, 7, 13
Let p = -62188 - -93244. What are the prime factors of p?
2, 3, 647
Let p(t) = t**2 - 2*t - 43. Let n be p(-6). Suppose 2*f + 0*c = n*c + 936, 3*c = 5*f - 2378. List the prime factors of f.
2, 239
Let y(i) = i**3 - 6*i**2 + 2*i + 6. Suppose -13*n + 8*n - 400 = -5*k, -320 = -4*k + n. Suppose 5*m + k = 110. List the prime factors of y(m).
2, 3
What are the prime factors of 22/154 - (280800/(-35) - 2)?
3, 5, 107
Let w = -3007 - -1644. Let h = w + 2964. List the prime factors of h.
1601
Let i = 2 - 1. Let k be (-12 - -56) + i + 2. Suppose 0 = 5*a - k - 268. What are the prime factors of a?
3, 7
Let b = -10 - -13. Let p(u) = 10*u**2 - 4 - u**3 - 5 + b*u + 5*u**2 + 4*u**2. List the prime factors of p(19).
2, 3
Suppose -31 = -k - 3*r - 6, -k - r = -31. Let h = k + 1439. Suppose -h = -5*q - 538. List the prime factors of q.
11, 17
Suppose 35 = -7*b, 12*y - 3*b = 13*y - 7059. List the prime factors of y.
2, 3, 131
Suppose -179*i + 2702 = -172*i. Let r = -204 + i. What are the prime factors of r?
2, 7, 13
Suppose 4 - 2 = 2*t, 3*t + 2 = 5*c. List the prime factors of 0 + -2 - c - (-262 - -19).
2, 3, 5
Let x = 16600 - 5563. What are the prime factors of x?
3, 13, 283
Let i = 4191 - 1424. List the prime factors of i.
2767
Suppose -5*u + 147 + 193 = 0. Suppose f + 4*z - 34 - u = 0, -4*z - 86 = -f. What are the prime factors of f?
2, 47
Let x = -76 - -34. Let g be (6 - (3 + -1)) + -191 + 190. What are the prime factors of x/(3 + g + -7)?
2, 3, 7
Let w be (-3)/7 - 0 - 9428/(-14). Suppose t + w = 2109. List the prime factors of t.
2, 359
Let v be 4/(-26) - 153162/871. Let u(l) = 165*l - 1. Let f be u(2). Let p = f + v. What are the prime factors of p?
3, 17
What are the prime factors of (-1)/5 + (-433307)/(-35)?
2, 5, 619
Let u be (1/1)/(-6)*-6. Suppose 4 = 3*i + u. What are the prime factors of (i/(-3))/((-6)/9)*122?
61
Suppose -2*o - x = -0*o, -3*x = 12. Suppose 0 = -4*j - 2*l - 1172, -o*j - j - 878 = l. Let p = -188 - j. List the prime factors of p.
2, 13
Let w(r) = -6*r**3 - 13*r**2 - 6*r. Let f(h) = h**2 + 33*h - 4. Let n be f(-33). What are the prime factors of w(n)?
2, 5
Let l = 42 - 39. Let w be -273*(-3 - (-6)/l). Suppose -2*v + 6*v - 573 = -a, 2*v + 5*a = w. What are the prime factors of v?
2, 3
Let j = 8127 + -4125. What are the prime factors of j?
2, 3, 23, 29
What are the prime factors of 7 + (-44086)/(-35) - ((-6)/15 + 0)?
7, 181
Let r(q) = -q**2 + 2*q**2 - 8 + 1. Let x(p) = 2*p**3 + 97*p**2 + 44*p - 198. Let z be x(-48). What are the prime factors of r(z)?
29
Let t = -32 + 19. Let z = t - -68. Let j = z + 11. What are the prime factors of j?
2, 3, 11
Suppose 132*y - 574965 = -3*y. List the prime factors of y.
4259
Let w(v) = 3*v + 30. Let z be w(-12). Let m be (4/z)/(2/3). List the prime factors of -6*75/6*m.
3, 5
Let s = -31 - -42. Let h(i) = 2*i**2 - 23*i + 11. Let l be h(s). Suppose l = -2*o - 12*o + 4046. List the prime factors of o.
17
Let d = 23638 + -7976. List the prime factors of d.
2, 41, 191
Suppose -12*d = -66 - 18. Let v = d + -8. What are the prime factors of 148 + (0 - v) - 29/29?
2, 37
Let g be (-3)/(-4)*(34 + -18). What are the prime factors of (g*-1)/((-150)/6800)?
2, 17
Suppose 150*h - 78*h - 666432 = 0. List the prime factors of h.
2, 13, 89
Suppose -23*w - 65*w - 4*w = -617320. List the prime factors of w.
2, 5, 11, 61
Suppose 4*i + 955 = -3*b + 2563, -2*b + i + 1083 = 0. Suppose 828 = 12*w - b. Let g = w + -53. What are the prime factors of g?
61
Suppose -y - 19779 = -4*y - 3*t, 5*t = 4*y - 26327. List the prime factors of y.
2, 3, 61
Let h = 333 + -329. Suppose 0 = -a - 3*a. Suppose h*d + a*d - 304 = 0. List the prime factors of d.
2, 19
Let n(b) = -165*b**2 - 34*b + 5 + 178*b**2 + 2*b**3 - 3*b**3 + 10*b. Let r(z) = z**2 - 5*z + 4. Let d be r(6). What are the prime factors of n(d)?
5, 13
Let y be (-17 + 68)*(0 + 2/(-6)). What are the prime factors of 2/(y - 1) + 894/27?
3, 11
What are the prime factors of (((-1420)/40)/(-71))/((-2)/(-112568))?
2, 14071
List the prime factors of (-7533020)/(-396) + (-8)/(-36).
3, 17, 373
List the prime factors of (-3708)/(-3 + -6)*(-171)/(-12).
3, 19, 103
Let p = 43122 - 29051. What are the prime factors of p?
14071
What are the prime factors of 4/(-11) + 69696432/4092?
2, 2129
Suppose -5*u = 12*u - 34. Let c be 2*u/((-24)/(-1266)). Suppose c = 4*w - 297. What are the prime factors of w?
127
Let i be ((-6)/(-9))/(2/9). Let h = -1802 - -1806. Suppose s + 2*o - 34 = 0, -h*o = i*s - 3*o - 97. What are the prime factors of s?
2
Let p(l) = 4*l**3 - 2*l**2 + l + 1. Let c be p(2). Let b = 70 + c. List the prime factors of b.
97
Let l(f) = -2*f - 25. Suppose 0 = 4*b + 7 + 25. Let s be l(b). What are the prime factors of -3 - ((-2060)/36 - 2/s)?
2, 3
Let k be (-287637)/(-63) + ((-16)/6 - -2). Suppose -129*q - k = -134*q. What are the prime factors of q?
11, 83
Let a be (-5 - (426 + -7))*1. Let z = 610 + a. List the prime factors of z.
2, 3, 31
Let z(f) = f**3 + 11*f**2 - 28*f - 24. Let h be z(-13). Suppose 0 = -h*n - 5*d + 415, -4*d = n - 50 - 165. List the prime factors of n.
3, 5, 13
Let q(u) = 4072*u**2 + 10*u - 8. What are the prime factors of q(1)?
2, 3, 7, 97
Let g(z) = -52*z - 39. Suppose 4*n - 17 = 6*n + 5*r, 4*r - 4 = 0. List the prime factors of g(n).
13, 41
Suppose 3*q + 2*q - 15 = -5*j, 2*j + q = 9. Let v be (580/(-8) + -3)/((-3)/j). Let u = v - 37. List the prime factors of u.
2, 3, 19
Let t = -18 - -8. Let f be t + 0 + 1 + -1 - 0. List the prime factors of (f/(-2) + 0)*(-42)/(-15).
2, 7
List the prime factors of (-85 + 3)*((-3426)/12 - 1).
3, 41, 191
Suppose 3*u + 24 = 3*a, 2*a + 5*u - 4 + 9 = 0. Suppose h = -4*d + 1321, 0*d - a*d - 5*h = -1655. What are the prime factors of d?
2, 3, 5, 11
Let i be -5 - (-9 + 1 - 0). Suppose -w - 3*w = -5*v, 5*v + i*w - 35 = 0. List the prime factors of (2 + 12)/(2/v).
2, 7
Let m(x) be the second derivative of -17/6*x**3 - 3*x**2 + 0 + 23*x. What are the prime factors of m(-6)?
2, 3
Suppose 2773*i + 115822 = 2780*i. What are the prime factors of i?
2, 8273
Suppose h - 4*q = 31585, -2*h - q + 65834 = 2709. What are the prime factors of h?
5, 59, 107
Let f = -48 - -54. Suppose -f*m - 17*m + 7429 = 0. What are the prime factors of m?
17, 19
Let t(p) = -p**3 + 4*p**2 + 61*p + 24. Let a be t(-23). Suppose -24*g = -1928 - a. List the prime factors of g.
2, 3, 103
Suppose -5*j = 2*g - 5*g + 5, 0 = 5*j - 10. Let n(v) = 7*v**3 + 12*v + 2. What are the prime factors of n(g)?
937
Let r be (-60)/8*(-240)/(-25). Let w = r + 77. Let l(j) = 8*j**2 - 16. List the prime factors of l(w).